{"id":49,"date":"2012-04-17T16:40:14","date_gmt":"2012-04-17T14:40:14","guid":{"rendered":"http:\/\/olivierdany.com\/?page_id=49"},"modified":"2014-05-12T18:42:28","modified_gmt":"2014-05-12T16:42:28","slug":"a-propos-2","status":"publish","type":"page","link":"https:\/\/www.olivierdany.com\/?page_id=49","title":{"rendered":"\u00c0 propos"},"content":{"rendered":"<p><span style=\"color: #888888;\">Graphiste, Directeur Artistique ind\u00e9pendant depuis 2010, fort de 15 ans d&rsquo;exp\u00e9rience en agence de communication parisienne pour des clients grands comptes, je propose directement aux annonceurs ou aux studios de cr\u00e9ation en free-lance une expertise pluridisciplinaire.<\/span><\/p>\n<p><span style=\"color: #888888;\">Attentif \u00e0 une d\u00e9marche de communication globale et coh\u00e9rente, j&rsquo;accompagne les entreprises dans la conception de leur identit\u00e9 de marque, le d\u00e9ploiement de leur communication interne et la promotion de leurs offres produits. Et ce par une cr\u00e9ation, au service des marques et de leurs messages, privil\u00e9giant une recherche constante de simplicit\u00e9, d&rsquo;efficacit\u00e9 et d&rsquo;\u00e9l\u00e9gance.<\/span><\/p>\n<p><span style=\"color: #888888;\">Afin de r\u00e9pondre avec pertinence \u00e0 des probl\u00e9matiques d&rsquo;analyse, de conception et de production plus larges je suis membre actif du collectif <a href=\"http:\/\/lesfeeselectrik.com\/\/\" target=\"_blank\">les f\u00e9es \u00e9lectrik<\/a> qui permet le montage et la coordination d&rsquo;\u00e9quipes d\u00e9di\u00e9es, aux comp\u00e9tences vari\u00e9es et compl\u00e9mentaires.<\/span><\/p>\n<p><span style=\"color: #888888;\"><span style=\"color: #000000;\">Expertises<br \/>\n<\/span><\/span><span style=\"color: #888888;\">Identit\u00e9 de Marque, Communication financi\u00e8re et corporate, RH et Formation, Marke<span style=\"color: #808080;\">ting op\u00e9rationnel, Merchandising, \u00c9v\u00e9nementiel.<br \/>\n<\/span><\/span><span style=\"color: #808080;\">Illustrations et photographie.<br \/>\n<\/span><span style=\"color: #888888;\"><span style=\"color: #808080;\">Ma\u00eetrise globale de la cha\u00eene graphique en \u00e9dition et des imp\u00e9r<\/span>atifs de la cr\u00e9ation web.<\/span><\/p>\n<p><span style=\"color: #888888;\"><span style=\"color: #000000;\">CV<br \/>\n<\/span><\/span><span style=\"color: #808080;\">1996-2010 &#8211; Makheia<br \/>\nCommunication institutionnelle et Marketing.<br \/>\n<\/span><\/p>\n<p><span style=\"color: #808080;\">2000 &#8211; 2010 Directeur Artistique &#8211; Travail en \u00e9quipe sur des probl\u00e9matiques larges et plurimedia de communication : Communication Financi\u00e8re, Identit\u00e9 de Marque, Presse interne, Conduite du changement, Formation, Marketing, Merchandising, \u00c9v\u00e9nementiel\u2026<\/span><\/p>\n<p><span style=\"color: #808080;\">1998 &#8211; 2000 Chef de studio &#8211; Responsable de l\u2019activit\u00e9 print et trafic &#8211; Studio de 3 DA et 12 infographistes<\/span><\/p>\n<p><span style=\"color: #808080;\">1996-1998\tInfographiste en charge de la conception et de la r\u00e9alisation d\u2019identit\u00e9s visuelles et de projets de communication multimedia. Suivi de dossier, formation et transfert de comp\u00e9tences aupr\u00e8s des clients.<\/span><\/p>\n<p><span style=\"color: #808080;\">Clients, industrie et automobile : Groupe PSA, Renault, Valeo, Sommer Alibert, Rhodia,<br \/>\nAubert &amp; Duval, Saft Power Systems<br \/>\nLuxe et Cosmetique : L&rsquo;Or\u00e9al, Cartier, Gucci, Lalique Parfum, Helena Rubinstein, Kenzo<br \/>\nServices : Assu 2000, Pr\u00e9dica, Onyx, Degremont, \u00c9lior, La Poste, Novotel, Ibis<br \/>\nGrande Distribution : Unilever Lipton, Henkel colles, Bonduelle<br \/>\nInstitutions : AP-HP, PMU, APM, SIOM\u2026<\/span><\/p>\n<p><span style=\"color: #888888;\"><span style=\"color: #000000;\">Formation<\/span><br \/>\n<\/span><span style=\"color: #888888;\">BTS Packaging, AFPA, Rennes<br \/>\n<\/span><span style=\"color: #888888;\">BTS Graphisme, Institut Saint-Luc, Bruxelles<br \/>\n<\/span><span style=\"color: #888888;\">BT Dessinateur Maquettiste, Lyc\u00e9e M. Vox, Paris<\/span><\/p>\n<p><span style=\"color: #333;\">+33 6 10 31 00 13<br \/>\n<a href=\"mailto:contact@olivierdany.com\">contact@olivierdany.com<\/a><br \/>\n<\/span><\/p>\n","protected":false},"excerpt":{"rendered":"<p>Graphiste, Directeur Artistique ind\u00e9pendant depuis 2010, fort de 15 ans d&rsquo;exp\u00e9rience en agence de communication parisienne pour des clients grands comptes, je propose directement aux annonceurs ou aux studios de cr\u00e9ation en free-lance une expertise pluridisciplinaire. Attentif \u00e0 une d\u00e9marche de communication globale et coh\u00e9rente, j&rsquo;accompagne les entreprises dans la conception de leur identit\u00e9 de [&hellip;]<\/p>\n","protected":false},"author":1,"featured_media":0,"parent":0,"menu_order":0,"comment_status":"closed","ping_status":"closed","template":"","meta":{"footnotes":""},"class_list":["post-49","page","type-page","status-publish","hentry"],"_links":{"self":[{"href":"https:\/\/www.olivierdany.com\/index.php?rest_route=\/wp\/v2\/pages\/49"}],"collection":[{"href":"https:\/\/www.olivierdany.com\/index.php?rest_route=\/wp\/v2\/pages"}],"about":[{"href":"https:\/\/www.olivierdany.com\/index.php?rest_route=\/wp\/v2\/types\/page"}],"author":[{"embeddable":true,"href":"https:\/\/www.olivierdany.com\/index.php?rest_route=\/wp\/v2\/users\/1"}],"replies":[{"embeddable":true,"href":"https:\/\/www.olivierdany.com\/index.php?rest_route=%2Fwp%2Fv2%2Fcomments&post=49"}],"version-history":[{"count":31,"href":"https:\/\/www.olivierdany.com\/index.php?rest_route=\/wp\/v2\/pages\/49\/revisions"}],"predecessor-version":[{"id":1348,"href":"https:\/\/www.olivierdany.com\/index.php?rest_route=\/wp\/v2\/pages\/49\/revisions\/1348"}],"wp:attachment":[{"href":"https:\/\/www.olivierdany.com\/index.php?rest_route=%2Fwp%2Fv2%2Fmedia&parent=49"}],"curies":[{"name":"wp","href":"https:\/\/api.w.org\/{rel}","templated":true}]}}